 = 72*o - d. What is the tens digit of o?
6
Suppose 0 = 3*u + 3*a - 11952, 5*u - 19920 = 563*a - 561*a. What is the units digit of u?
4
Let r = 379 - 214. Suppose -o - q - r = -0*q, -3*o + 3*q = 477. Let n = -89 - o. What is the units digit of n?
3
Let m(v) = 945*v**2 - 948*v + 7642. What is the hundreds digit of m(8)?
5
Suppose 0 = 5*m - 3*m - 4. Let b(g) = -g + 1. Let y(u) = -9*u + 9. Let k(r) = m*y(r) - 30*b(r). What is the units digit of k(6)?
0
Let i = -205 - -232. Suppose -3*o = -25*c + i*c - 899, 4*o = 5*c - 2305. What is the units digit of c?
7
What is the tens digit of -14 + 7 + 7020/9?
7
Suppose -3*p - n = -645, 226 = -9*p + 10*p + 4*n. Let x = p + -55. What is the hundreds digit of x?
1
Let n(c) = c**2 + c - 11. Let d be n(-5). Let l(g) = -8*g + 15 - g**3 + 9*g**2 - 4 - d - 5. What is the tens digit of l(6)?
5
Let y(j) = -799*j**2 - 133*j - 184. Let c(l) = -266*l**2 - 45*l - 61. Let t(o) = 17*c(o) - 6*y(o). What is the thousands digit of t(-2)?
1
Let l be (-9)/(-6)*28882/21. Suppose -l = -5*j + 3*v, -1468 - 597 = -5*j + 5*v. What is the hundreds digit of j?
4
Suppose -3*u = 3*p - 12, p + 4 = -0*p + 3*u. What is the hundreds digit of 73/((-11)/p - -5 - -1)?
1
Suppose t = 1 + 3. Suppose 4*x - 2504 = -4*n, x + 2464 = t*n - 50. What is the units digit of n?
8
Let z = 775 - 197. Let p = z - 411. Let y = 289 - p. What is the units digit of y?
2
What is the ten thousands digit of 2/52*-4 + (-12 - 2244711/(-91))?
2
Suppose 2634 + 13554 = 4*k - 20152. What is the tens digit of k?
8
Suppose 25*k = -d + 23*k + 9251, -5*d + 2*k + 46183 = 0. What is the units digit of d?
9
Let d = -569 + 569. Suppose d = -6*j + 1387 + 755. What is the tens digit of j?
5
Suppose -2*r + 19668 = -4*u, -r + u = 4*r - 49143. What is the units digit of r?
8
What is the tens digit of -17 - (4776135/(-13))/15?
7
Suppose -4*h - 2*h - 24 = 0. Let i be h + 20*4/8. Suppose -3*y + i = 0, -2*b + 3*y + 186 = b. What is the units digit of b?
4
Let t = -6263 + 16421. What is the tens digit of t?
5
Let q(c) = -137*c + 130. What is the hundreds digit of q(-17)?
4
Let p(h) = 2*h**3 - 5*h**2 - 23*h + 149. Suppose 6*m - 57 = 9. What is the thousands digit of p(m)?
1
Let i = 94 - 92. What is the tens digit of (-562)/((-6)/(i - -4)) - 1?
6
What is the thousands digit of (61/(1281/(-17276)))/(4/(-102))?
0
Let x = -42 - -42. Suppose x = -3*r + 35 + 145. Let g = 91 - r. What is the units digit of g?
1
Let y be (-357)/4 - 10/(-40). Let p = -84 - y. Suppose 5*j - 3*f = 3*j + 203, -5*j = p*f - 445. What is the units digit of j?
4
Suppose 2*n - 45658 = -2*y, y - n = -11138 + 33963. What is the units digit of y?
7
Let h = -71224 - -115498. What is the thousands digit of h?
4
What is the hundreds digit of 3/(-3 - 21/(-2)) - (-326508)/130?
5
Let v(b) = 602*b**3 - 11*b**2 + 8*b + 127. What is the units digit of v(5)?
2
Let m = 3734 - 3736. Suppose 0*n + 14 = -2*n. What is the hundreds digit of (1/m)/(n/2982)?
2
Let m(f) = -5*f + 96 + 167 + 86 - 117 + 2*f. What is the hundreds digit of m(-13)?
2
Suppose 0 = -3*f - 21, -42*r + 4*f + 3996 = -38*r. What is the units digit of r?
2
What is the ten thousands digit of 1187312/40 - (2/(-5) + 32/160)?
2
Let c(g) = -g**2 + 2*g - 23. Let h be c(5). Let y be (35 - 33)/(1*(-2)/h). Suppose 527 - y = 3*a. What is the tens digit of a?
6
Let k be 1/(-2) - 72/16 - -479. Suppose 17*q = 23*q - k. What is the units digit of q?
9
Let c(r) = 3208*r**2 - 10*r - 2. Let j be c(1). Let v = j - 1630. What is the hundreds digit of v?
5
Let l = -464 - -311. Let n = -2839 + 2819. What is the tens digit of -5*8/n*1 - l?
5
Suppose -4*g - 5 = 2*k + 15, 0 = 2*k + g + 5. Suppose k = -75*f + 79*f - 2104. What is the tens digit of f?
2
Let x(b) = 274*b**3 - 4*b + 40. What is the tens digit of x(4)?
6
Let o(q) = 12*q + 52. Let n be o(-4). Suppose -n*h - 2*g + 227 = -907, 5*g - 5 = 0. What is the units digit of h?
3
What is the units digit of (228/(-12))/(0/15 + (-3)/8295)?
5
Let x = -5785 - -11162. What is the hundreds digit of x?
3
Let m(i) = 291*i - 30. Let d be m(4). Suppose -34*c = -7*c - d. What is the units digit of c?
2
Let q(v) = -2*v + 10. Let l be q(0). Suppose -5*h = -3*n - l*h + 1648, 0 = -4*n + 3*h + 2207. What is the units digit of n?
1
Let d = -22 - -16. Let o be 63/d*(-6)/9. Suppose -o*q = 7 - 14. What is the units digit of q?
1
Suppose 11*r = 17*r - 105606. What is the hundreds digit of (-115)/(-92) - r/(-12)?
4
Suppose -4*p + 15 = -5*y, -p + 4 = 3*y - 4. Let q(x) = -194*x + 2. Let a be q(y). What is the tens digit of 1/((-385)/a + -2)?
9
Suppose -12*a = -10*a + 210. Let j = 187 - a. What is the tens digit of j?
9
Let t(d) be the third derivative of 0*d - 1/60*d**5 + 0 + 25/6*d**3 + d**2 + 11/12*d**4. What is the tens digit of t(19)?
8
Suppose 74*t - 53*t + 3297 = 0. Let l = t + 498. What is the units digit of l?
1
Let z(t) = 598*t**2 - 76*t - 320. What is the hundreds digit of z(-5)?
0
Suppose 4*a + 9*w - 10*w = 12475, -4*a - 2*w = -12466. What is the hundreds digit of a?
1
Let n = 81 - 65. Let u(v) = -v**2 + 18*v - 22. What is the units digit of u(n)?
0
Let z = -6000 - -10375. What is the units digit of z?
5
Suppose 0 = 4*g, 14*g + 264 = 4*d + 12*g. Suppose 0 = -d*h + 6444 - 42. What is the units digit of h?
7
What is the thousands digit of (3/(-2))/(39/(-182)) - -10517?
0
Suppose o + d - 5 = -d, -2*o + d = -10. Suppose 0 = o*w + 11 - 36. Suppose -3*t = -w*i + 505, i + 289 = 4*i + t. What is the tens digit of i?
9
Suppose -5*o = m - 52532, -6*o = -216*m + 212*m + 210076. What is the tens digit of m?
2
What is the hundreds digit of 6/(-20) + (40/32 - (-8932572)/240)?
2
Suppose 5*k - 3735 = -f, 4*k - 9*f + 8*f = 2979. Suppose 0 = -g + 5*z + 380, -4*z + k = -2*g + 4*g. What is the tens digit of g?
7
Suppose -960*k + 461*k + 2156089 = -476*k. What is the hundreds digit of k?
7
What is the ten thousands digit of 3 + -10 + 489244/28?
1
Suppose -12*l + 13*l = -633. Let x = -594 - l. What is the units digit of x?
9
Let j = -23702 - -43726. What is the tens digit of j?
2
Let o(i) = 3 + 4*i**2 + 185*i - 186*i - i**2 - 6 - 2*i**3. Let r be o(-1). Suppose 5*p - 684 = g + 553, -4*p + 983 = -r*g. What is the hundreds digit of p?
2
Let u(s) be the first derivative of 2*s**3/3 + 21*s**2 + 19*s - 20. Let p be u(-19). Let x = 57 - p. What is the tens digit of x?
1
Let g(x) = 3*x**3 + x**2 - 8*x + 168. What is the units digit of g(16)?
4
Suppose 2189560 = -76*a + 152*a. What is the units digit of a?
0
Let z = 52 - 50. Let t(g) = -277*g + 280*g + 8*g**2 - 4*g**z - 2. What is the tens digit of t(-5)?
8
Let l(v) = 6144*v**2 + 70*v - 69. What is the tens digit of l(1)?
4
Suppose -7*x + 85735 = 33501. What is the tens digit of x?
6
Let b = 3378 + -83. What is the units digit of b?
5
Suppose 0*b - 45 = 2*f - b, -2*f - 30 = 2*b. Let x be (17 + f)*(-144)/2. Suppose -2*u + 324 = 3*k, -u + x = 3*k - k. What is the tens digit of k?
0
Suppose g + 98824 + 96249 = 3*b, -3*g = 3*b - 195093. What is the tens digit of b?
2
Let u = 360 + -365. Suppose f - 2*f - 11 = 0. What is the units digit of (-2)/f - (10715/11)/u?
5
Let x(c) = -53*c + 33. Let d(u) = 26*u - 16. Let g(y) = -7*d(y) - 3*x(y). Let b be 2*((-54)/(-4))/(-9). What is the units digit of g(b)?
2
Let b(t) = 1612*t + 120. What is the units digit of b(4)?
8
Let f be ((-3)/((-24)/(-16)))/((-1)/3). Let o be (-3 - (-574)/f)/(5/(-1485)). What is the hundreds digit of o/(-154) - 2/(-7)?
1
Let a = 187 + -97. Let i = a - -38. Let q = -91 + i. What is the units digit of q?
7
Let b(x) = x**2 + 7*x + 14. Suppose -k + 3*k + 10 = 0. Let s be b(k). Suppose h = -4*z + 279, z = -s*z - 4*h + 357. What is the units digit of z?
9
Let u(r) = 9*r**2 - 87*r - 30. What is the units digit of u(15)?
0
Suppose 5*q - 14670 = -2*h, -h + q + 4*q + 7365 = 0. What is the units digit of 4/14 - h/(-91)?
1
Suppose -4*v = -4*i - 659 + 231, 209 = 2*v - 3*i. Suppose -v*w - 3565 = -117*w. What is the units digit of w?
3
Suppose -5*p - x = 64, -3*x = -2*p - 2*x - 27. Let m(t) = -16*t - 15. Let z be m(p). Let o = z - 50. What is the hundreds digit of o?
1
Let n(z) = -z**3 + z**2 - z + 278. Let p be n(0). Let v = -54 - -56. Suppose 4*g - p = 2*s, 4*g - v*s = -6*s + 284. What is the tens digit of g?
7
Let i be -2 + 3 + 2 + 1. Let o be -2 + i/(-6 - -2). What is the units digit of (